 f be 3/2 - 44/(-8). Let l = 10 + f. Suppose 18*p + 165 - 471 = 0. Calculate the greatest common divisor of p and l.
17
Let s = -287 - -395. Let b = 15 + 165. What is the greatest common factor of b and s?
36
Let c be 1 - (339/(-4) - (875/28 - 31)). Let q be (-1)/(-4) - (-515)/4. What is the highest common factor of c and q?
43
Suppose 26*a = 423 - 215. Calculate the greatest common divisor of 436 and a.
4
Suppose 3*q + 45 = -5*t - 0*t, t - 7 = q. Let g be 2292/22 - q*6/(-330). Let p = -18 + 31. What is the greatest common factor of p and g?
13
Let n be ((-4)/(-10))/((-6)/120). Let v(s) = -s**2 - 9*s + 18. Let r be v(n). Let w = -16 + r. What is the greatest common factor of 110 and w?
10
Let h = 250 - 248. Suppose -6*u = -u - 20, 5*u = h*w - 100. Suppose -2*o + 27 = m, 3*m = 5*o - 0*m - 51. Calculate the highest common factor of w and o.
12
Let p(r) = 91*r + 7. Let b be p(-3). Let k be (20 - 0)*b/(-56). Calculate the highest common divisor of k and 19.
19
Let z be (0 + -24)*((-60)/(-16) - 3). Let s be (8/(-5) - -2)/(z/(-2160)). What is the greatest common divisor of s and 80?
16
Let f = -479 + 509. Let w(y) = -y**3 - 4*y**2 + 15*y + 8. Let l be w(-7). What is the highest common divisor of f and l?
10
Let s(m) = -m**3 + 31*m**2 + 31*m + 34. Let a be s(32). Suppose -12*l - 108 = -16*l. What is the greatest common divisor of a and l?
1
Let p be (-3)/((-60)/(-70))*2 - -87. Calculate the greatest common factor of 40 and p.
40
Suppose -110 = -b - 4*b. Let h be ((-30)/(-18))/(1/3). Suppose 308 = -3*n + h*n - 3*y, -462 = -3*n + 5*y. Calculate the greatest common divisor of n and b.
22
Let k = -103 + 100. Let d be 6*k/45*-5*2. Calculate the greatest common factor of d and 132.
4
Let i = -523 + 805. Suppose 5*s + i - 372 = 0. Calculate the greatest common divisor of 24 and s.
6
Let m = 3 + 8. Suppose -5*l = -5*g + 40, -9*g + 3*l + 28 = -5*g. Suppose 0 = -10*a + g*a + 594. Calculate the greatest common factor of a and m.
11
Suppose -5*u = -5*z + 35, 0*z = 3*z - 5*u - 15. Let w = 136 - 107. Let f be 0 - -5 - (w + -104). What is the highest common divisor of f and z?
10
Let r(u) = -3*u**2 + 34*u + 29. Let i be r(12). Suppose -w - 1 = -i*a - 21, 2*w + 5*a + 5 = 0. What is the greatest common factor of 5 and w?
5
Suppose -4*c - 20*j = -15*j - 112, -3*j = 5*c - 140. Suppose 3*w + 50 = f, -226 = -4*f + 3*w - 4*w. What is the greatest common factor of f and c?
28
Let x(q) = 2*q**3 + 9*q**2 - 8*q. Let d be x(-8). Let l = 483 + d. What is the greatest common factor of 18 and l?
9
Let f = -226 - -1781. What is the highest common divisor of f and 65?
5
Let i(d) = 8*d**2 + 37 + 3*d**2 - 12*d**2 - 4*d. Let f be i(-8). Calculate the highest common divisor of f and 85.
5
Suppose -60 = -7*k + 2*k. Let q(p) = 10*p + k*p - 20*p - 9. Let r be q(6). What is the highest common divisor of 3 and r?
3
Let b = 40 + -41. Let k be -6 - (3 + -6 + b) - -4. Suppose 3*z = -2*p + 1 - 8, -2*z - 8 = k*p. What is the greatest common factor of z and 9?
1
Let q = -90 - -110. Suppose 4*b + 2*l = 7*b - 508, 338 = 2*b - 2*l. Calculate the greatest common factor of q and b.
10
Suppose -3*m = -r - 674, 4*m + 2*r + 0*r = 902. Suppose -2*g + 5*b = -25, -150 = -5*g + 2*b - 7*b. What is the greatest common divisor of g and m?
25
Let y = 22 + -47. Suppose 4*c = -4*x, -c - 9 = 4*x - 3. Let w be (-29 - y)*1*-1*c. What is the greatest common factor of 56 and w?
8
Suppose 3*i = -2*m + i + 2, 6 = m + 2*i. Let q(s) = 9*s**2 + 10*s + 6. Let g be q(m). What is the highest common factor of 30 and g?
10
Let r = 1448 + -1402. What is the greatest common factor of r and 8326?
46
Suppose 4*p = -3*f + 27424, 161*f - 2*p = 157*f + 36514. What is the highest common divisor of f and 12?
12
Let g = -6039 + 6409. Calculate the greatest common divisor of 50 and g.
10
Let b = -31 - -33. Let j be 2 - -4 - b/2. Suppose -y - 4*t + 252 = y, -y + 126 = -j*t. Calculate the greatest common divisor of y and 18.
18
Suppose -23 = -3*j + j + 3*p, 2*p = 2*j - 18. Suppose j*a = -a - 900. Let h = 378 + a. Calculate the greatest common factor of h and 22.
22
Suppose 0 = 8*y - 24 - 0. Suppose 0 = -5*l - y - 17. Let b be ((-6)/l)/(10/60). What is the greatest common divisor of b and 18?
9
Let x(h) = -49*h - 3. Let t be (-161)/42 - (-10)/12. Let d be x(t). Suppose 132 = 5*a - 48. What is the highest common factor of a and d?
36
Let q = 3 - -1. Suppose -q = -g - 0. Let v = -1058 - -1062. Calculate the greatest common factor of v and g.
4
Suppose -8 = 2*u - 0, -4*u + 2000 = 3*p. Suppose -5*l + p = 3*w, -2*w - 640 = -5*l + 3*w. What is the highest common divisor of 44 and l?
44
Let f be 16/(-40) - 6978/30. Let y = -229 - f. Calculate the greatest common factor of 48 and y.
4
Suppose 5*b = 4*h - 1724, 3*b + 872 = 2*h - 2*b. Let y = h + -373. What is the highest common divisor of 53 and y?
53
Suppose 0 = -w + 8*v + 1594, 15*w + 1586 = 16*w - 4*v. What is the greatest common factor of 24 and w?
6
Let y be 3/12*4*-29. Let n be 3269/(-105) + (-6)/(-45). Let q = y - n. What is the greatest common factor of 22 and q?
2
Suppose -4*t - t = -3*n - 1, 3*n + 5*t - 19 = 0. Suppose 4*q = -r + 33 - 0, -r = -3*q + 16. Let d = 8 - q. Calculate the greatest common factor of d and n.
1
Let k be -9 + 249 + (0 - 15). Let q(t) = 4*t**3 + t**2 - 1. Let h be q(1). Let o be (50/(-3))/(h/(-6)). What is the greatest common divisor of o and k?
25
Suppose 4*n - 102*c + 99*c = 263, c - 71 = -n. Suppose -x - 4*f + 344 = 0, -f = -x + 2*f + 337. Calculate the greatest common factor of x and n.
68
Suppose -2*o = 2*y - 341 - 353, 0 = o + 4*y - 344. Let a be 1560/18 + 2/6. What is the greatest common factor of o and a?
87
Let o(j) = -49*j - 245. Let w be o(-6). What is the highest common divisor of 1421 and w?
49
Let n be 1/(-4) - (-7)/(-4). Let x = -1310 + 1288. Let a = n - x. Calculate the greatest common factor of a and 20.
20
Let y = 4135 - 3670. Calculate the highest common factor of y and 570.
15
Let u(a) = -3*a**3 - a**2 - 15*a - 17. Let q be u(-5). Calculate the highest common divisor of 1054 and q.
34
Let c = -644 + 656. Calculate the greatest common factor of c and 2460.
12
Let k(v) = 4*v**3 - 18*v**2 + 60*v - 143. Let q be k(20). Calculate the greatest common divisor of 306 and q.
153
Let h = -168 + 177. Suppose -131*f + h = -130*f. Calculate the highest common divisor of f and 81.
9
Suppose 0 = -204*c - 166*c + 6599344 + 313736. Calculate the highest common divisor of c and 432.
108
Let p(r) = -r + 2. Let g be p(2). Suppose g = 9*f + 7*f - 16. Let h be 1/(2 + 2/(-2)). Calculate the highest common divisor of h and f.
1
Suppose 4*l = o - 2, -3*o - 28*l = -24*l - 54. What is the highest common factor of 511 and o?
7
Let n = 86 + -88. Let i be (-408)/(-6) - n/2. Let u(j) = 10*j - 7. Let k be u(3). What is the greatest common factor of i and k?
23
Suppose -4*n + 6*n + 5*w = 793, n = -5*w + 394. What is the greatest common divisor of 285 and n?
57
Let o(y) = 387*y - 2311. Let p be o(6). Let k be (-6)/(-21) - (-383)/7. Calculate the highest common divisor of k and p.
11
Let t = 1 - 4. Let s be (-1)/2 + t/2. Let n be 2/((s/2)/(-10)). Calculate the greatest common divisor of n and 20.
20
Let q be (-348)/(-30)*(-1)/(4/(-10)). Let u = q + 28. Calculate the greatest common divisor of 114 and u.
57
Suppose 1070 = -3*a + 3686. What is the highest common factor of a and 24?
8
Let j(s) = 2*s**3 - 13*s**2 + 39*s + 76. Let q be j(13). Calculate the highest common divisor of q and 100.
20
Suppose w - 8323 = -h, w - 8308 = 5*h - 9*h. What is the highest common divisor of 72 and w?
24
Let o be (20000/55)/8 - (-12)/22. Let v = 901 + -878. What is the greatest common factor of o and v?
23
Suppose -7*t + 3*t = 0. Let w be (-42)/(9/(-3)) - t. Suppose 3*v = -0*k - 4*k + 31, 2*k - 10 = 4*v. What is the highest common factor of w and k?
7
Suppose v - 3 = 3. Let c be (0 - v)*(-6)/4. Let o(i) = 29*i + 654. Let a be o(-21). What is the highest common divisor of a and c?
9
Let z(y) = -183*y**2 - 919*y - 10. Let l be z(-5). Let v = 184 + -48. Let j = -26 + v. Calculate the greatest common divisor of j and l.
10
Let c be 3/(5/(-37)*474/(-790)). Suppose -5*x + 269 + 2074 = 4*h, 2*h = 2*x + 1194. Calculate the greatest common divisor of c and h.
37
Suppose -315 = -18*b - 81. Let x = 2 - -3. Sup